 11) to base 9.
150
Convert 1110010100101001 (base 2) to base 12.
29b49
Convert -11330 (base 8) to base 6.
-34200
Convert -540 (base 10) to base 12.
-390
Convert 65715 (base 8) to base 13.
c73b
What is 11323 (base 5) in base 2?
1101000110
-102121 (base 3) to base 7
-625
-2411013 (base 5) to base 15
-d2c3
2223002 (base 5) to base 9
58604
Convert -126054 (base 7) to base 9.
-35460
Convert -11110 (base 2) to base 7.
-42
Convert 39c (base 14) to base 12.
506
What is 1020001202 (base 3) in base 8?
57050
What is -30d8 (base 14) in base 8?
-20346
-1000100110 (base 2) to base 13
-334
What is -1941 (base 14) in base 3?
-20021002
Convert -4d7 (base 15) to base 3.
-1111211
What is 1112 (base 5) in base 3?
12211
What is -210202 (base 3) in base 14?
-2dd
Convert 73a (base 12) to base 6.
4514
Convert -9602 (base 14) to base 11.
-18492
Convert 16866 (base 11) to base 8.
56163
-26 (base 9) to base 16
-18
What is 3203 (base 4) in base 7?
443
What is 11000010001 (base 2) in base 12?
a95
What is 10000010110100 (base 2) in base 10?
8372
What is -100000000010 (base 2) in base 11?
-15a4
Convert 312133 (base 5) to base 10.
10293
What is 9b1d (base 16) in base 15?
bb74
ba (base 12) to base 2
10001110
Convert 1292 (base 10) to base 14.
684
-1110233 (base 5) to base 12
-b303
-1444 (base 9) to base 3
-1111111
What is 4512 (base 16) in base 6?
213510
Convert 2014 (base 5) to base 4.
10003
110100000 (base 2) to base 4
12200
Convert -81 (base 12) to base 3.
-10121
Convert -13003302 (base 4) to base 13.
-10212
What is 8b28 (base 16) in base 4?
20230220
Convert 10011001 (base 2) to base 16.
99
2420 (base 5) to base 15
190
-acc3 (base 14) to base 13
-1083b
Convert 4466 (base 11) to base 15.
1b20
What is -a84 (base 13) in base 2?
-11100000110
43740 (base 8) to base 10
18400
Convert 19b5 (base 13) to base 9.
5265
Convert 22120223 (base 4) to base 16.
a62b
-21512 (base 7) to base 2
-1010100010111
Convert 131 (base 14) to base 9.
285
Convert 8725 (base 13) to base 7.
105532
Convert -127a (base 11) to base 14.
-868
What is 253 (base 12) in base 7?
1011
210021 (base 3) to base 5
4244
What is -6506 (base 15) in base 9?
-32286
What is -a78 (base 14) in base 10?
-2066
What is 10322 (base 6) in base 2?
10110001010
What is 25576 (base 8) in base 15?
3474
Convert -110001101 (base 2) to base 12.
-291
Convert -1975 (base 12) to base 14.
-11c5
Convert -1263 (base 7) to base 10.
-486
Convert 23a (base 11) to base 13.
18c
What is -8441 (base 9) in base 10?
-6193
Convert 31a50 (base 12) to base 11.
45188
What is 1012531 (base 6) in base 15?
e5dd
514 (base 13) to base 14
458
What is -100000111110001 (base 2) in base 16?
-41f1
Convert 10112110 (base 3) to base 8.
5021
Convert 23894 (base 13) to base 16.
fea2
Convert -2852 (base 13) to base 2.
-1011010110101
-48747 (base 10) to base 16
-be6b
Convert 1845 (base 14) to base 4.
1010111
-16612 (base 7) to base 8
-11232
122110 (base 3) to base 13
2a3
What is 3443 (base 6) in base 7?
2250
What is 6b (base 12) in base 8?
123
What is -1111000 (base 2) in base 7?
-231
What is -7674 (base 8) in base 2?
-111110111100
Convert -57a2 (base 13) to base 14.
-46a8
What is 14150 (base 9) in base 4?
2112003
-369 (base 13) to base 8
-1122
1841 (base 11) to base 2
100100101000
What is -143054 (base 8) in base 7?
-300623
What is -2110002 (base 4) in base 14?
-364a
Convert 245 (base 8) to base 7.
324
Convert -20411 (base 8) to base 9.
-12536
-13 (base 14) to base 12
-15
What is -1a3 (base 12) in base 9?
-326
7435 (base 9) to base 11
4113
Convert -310 (base 16) to base 6.
-3344
-88667 (base 9) to base 8
-162763
43a (base 13) to base 10
725
Convert -220242 (base 5) to base 7.
-31035
Convert -12333 (base 4) to base 2.
-110111111
Convert -20a3 (base 14) to base 12.
-3313
Convert 462 (base 7) to base 9.
286
Convert -3114 (base 7) to base 15.
-4c9
Convert -4909 (base 10) to base 3.
-20201211
Convert -323 (base 13) to base 11.
-448
Convert 203430 (base 5) to base 13.
30b6
What is -5657 (base 8) in base 16?
-baf
Convert 53303 (base 7) to base 6.
141012
Convert 5440 (base 11) to base 5.
212213
What is -110142 (base 6) in base 2?
-10001110101110
What is -132445 (base 6) in base 7?
-50525
What is 1001001111 (base 2) in base 15?
296
What is 3031233 (base 4) in base 8?
31557
1001 (base 15) to base 3
11122001
274 (base 12) to base 10
376
Convert -100101111000 (base 2) to base 11.
-1904
Convert 77016 (base 8) to base 10.
32270
1134321 (base 5) to base 11
14a33
Convert -463 (base 11) to base 15.
-26d
What is -1112022 (base 3) in base 16?
-45b
-12c8 (base 14) to base 7
-12441
Convert 30180 (base 9) to base 14.
732c
14715 (base 8) to base 12
39a5
-10523 (base 6) to base 12
-a43
2373 (base 10) to base 13
1107
-18666 (base 11) to base 4
-12113213
What is -3515 (base 6) in base 15?
-3ae
-221000121 (base 3) to base 6
-220241
Convert 403 (base 8) to base 15.
124
What is 1010002120 (base 3) in base 8?
52663
What is 1b5 (base 15) in base 9?
478
-414 (base 14) to base 10
-802
Convert 19d8 (base 16) to base 8.
14730
What is 8c1 (base 14) in base 7?
5031
Convert -10001111101000 (base 2) to base 10.
-9192
Convert -1 (base 12) to base 6.
-1
4411444 (base 5) to base 2
10010100001100010
-1411 (base 6) to base 2
-101101111
Convert 241525 (base 6) to base 13.
981b
2416 (base 7) to base 9
1204
What is -2526 (base 11) in base 12?
-1aa7
Convert 21103 (base 7) to base 11.
39a5
-23 (base 11) to base 3
-221
What is 10043 (base 6) in base 3?
1211000
What is 40351 (base 8) in base 6?
204533
Convert 137e (base 15) to base 11.
3150
What is -93 (base 13) in base 4?
-1320
Convert 63 (base 12) to base 4.
1023
What is -367a (base 11) in base 6?
-34130
Convert -9ca8 (base 13) to base 6.
-245323
What is 574 (base 8) in base 14?
1d2
966 (base 16) to base 2
100101100110
Convert 104b9 (base 13) to base 12.
15011
What is 154141 (base 6) in base 10?
15181
What is -2020110 (base 4) in base 13?
-3c81
Convert 8ba9 (base 13) to base 8.
46166
Convert 465 (base 8) to base 10.
309
Convert 7716 (base 12) to base 7.
53154
Convert -56510 (base 7) to base 15.
-4395
What is -220202 (base 4) in base 12?
-1602
Convert 20121011 (base 3) to base 16.
12ca
Convert -11001 (base 5) to base 2.
-1011101111
Convert -316 (base 15) to base 14.
-37a
What is -225 (base 15) in base 3?
-122222
Convert 9233 (base 11) to base 7.
50510
-12113 (base 4) to base 7
-1121
3c3 (base 13) to base 12
476
532 (base 6) to base 2
11001000
What is -2303 (base 8) in base 12?
-857
What is -3305 (base 14) in base 8?
-21171
2053 (base 6) to base 16
1d1
-5360 (base 11) to base 4
-1232230
What is -45d5 (base 15) in base 11?
-10158
Convert -1251330 (base 6) to base 8.
-206646
-10111010110 (base 2) to base 9
-2040
-2036 (base 10) to base 6
-13232
What is 335114 (base 6) in base 3?
1102212201
What is -1101120 (base 3) in base 13?
-600
-186 (base 9) to base 6
-423
-1220301 (base 4) to base 5
-203310
-155421 (base 6) to base 10
-15493
What is -110111000111111 (base 2) in base 4?
-12320333
What is -1102221 (base 3) in base 11?
-876
Convert -2c71 (base 16) to base 12.
-6701
What is 65220 (base 7) in base 5?
1004413
What is -1153 (base 8) in base 6?
-2511
Convert dd8 (base 14) to base 15.
c28
What is -12454 (base 7) in base 5?
-101242
What is 5688 (base 10) in base 16?
1638
Convert -42563 (base 8) to base 7.
-102556
What is -819 (base 15) in base 3?
-2111120
What is -151201 (base 6) in base 10?
-14545
608 (base 13) to base 4
33332
11100120 (base 3) to base 11
2426
Convert 345 (base 14) to base 6.
3001
-3bc (base 13) to base 4
-22112
-96b1 (base 12) to base 8
-40245
Convert a254 (base 14) to base 9.
42246
What is 121002 (base 3) in base 13?
275
Convert -1022 (base 16) to base 5.
-113010
What is 112 (base 6) in base 15?
2e
What is -383 (base 14) in base 8?
-1277
Convert -3113 (base 6) to base 11.
-580
Convert 343 (base 15) to base 7.
2103
-d28 (base 14) to base 7
-10351
Convert a12b (base 14) to base 4.
12300123
21021010 (base 3) to base 7
21303
569 (base 13) to base 9
1245
What is 2114 (base 7) in base 8?
1352
What is 402a (base 12) in base 8?
15442
What is -22706 (base 8) in base 3?
-111021011
What is -10011000010001 (base 2) in base 11?
-735a
172 (base 13) to base 3
100201
What is 1031424 (base 5) in base 7?
102501
Convert 1022010210 (base 3) to base 14.
949b
What is -144501